{"id":518,"date":"2020-04-10T14:50:41","date_gmt":"2020-04-10T13:50:41","guid":{"rendered":"https:\/\/aroundersenseofpurpose.eu\/cat\/?page_id=518"},"modified":"2021-06-15T11:09:26","modified_gmt":"2021-06-15T10:09:26","slug":"sdg1","status":"publish","type":"page","link":"https:\/\/aroundersenseofpurpose.eu\/cat\/sdgs\/sdg1\/","title":{"rendered":"Fi de la pobresa"},"content":{"rendered":"\n<p>Com diu l\u2019ONU, la pobresa t\u00e9 moltes dimensions, les seves causes inclouen la desocupaci\u00f3, l\u2019exclusi\u00f3 social i l\u2019alta vulnerabilitat de certes poblacions enfront de cat\u00e0strofes, malalties i altres fen\u00f2mens que els impedeixen ser productives. La desigualtat creixent \u00e9s perjudicial per al creixement econ\u00f2mic i soscava la cohesi\u00f3 social, augmenta les tensions pol\u00edtiques i socials i, en algunes circumst\u00e0ncies, condueix a la inestabilitat i als conflictes, a m\u00e9s de ser un greuge a la dignitat humana..<\/p>\n","protected":false},"excerpt":{"rendered":"<p>Com diu l\u2019ONU, la pobresa t\u00e9 moltes dimensions, les seves causes inclouen la desocupaci\u00f3, l\u2019exclusi\u00f3 social i l\u2019alta vulnerabilitat de certes poblacions enfront de cat\u00e0strofes, malalties i altres fen\u00f2mens que els impedeixen ser productives. La desigualtat creixent \u00e9s perjudicial per al creixement econ\u00f2mic i soscava la cohesi\u00f3 social, augmenta les tensions pol\u00edtiques i socials i, [&hellip;]<\/p>\n","protected":false},"author":1,"featured_media":0,"parent":425,"menu_order":0,"comment_status":"closed","ping_status":"closed","template":"page-sdg.php","meta":{"footnotes":""},"class_list":["post-518","page","type-page","status-publish","hentry"],"_links":{"self":[{"href":"https:\/\/aroundersenseofpurpose.eu\/cat\/wp-json\/wp\/v2\/pages\/518","targetHints":{"allow":["GET"]}}],"collection":[{"href":"https:\/\/aroundersenseofpurpose.eu\/cat\/wp-json\/wp\/v2\/pages"}],"about":[{"href":"https:\/\/aroundersenseofpurpose.eu\/cat\/wp-json\/wp\/v2\/types\/page"}],"author":[{"embeddable":true,"href":"https:\/\/aroundersenseofpurpose.eu\/cat\/wp-json\/wp\/v2\/users\/1"}],"replies":[{"embeddable":true,"href":"https:\/\/aroundersenseofpurpose.eu\/cat\/wp-json\/wp\/v2\/comments?post=518"}],"version-history":[{"count":5,"href":"https:\/\/aroundersenseofpurpose.eu\/cat\/wp-json\/wp\/v2\/pages\/518\/revisions"}],"predecessor-version":[{"id":1922,"href":"https:\/\/aroundersenseofpurpose.eu\/cat\/wp-json\/wp\/v2\/pages\/518\/revisions\/1922"}],"up":[{"embeddable":true,"href":"https:\/\/aroundersenseofpurpose.eu\/cat\/wp-json\/wp\/v2\/pages\/425"}],"wp:attachment":[{"href":"https:\/\/aroundersenseofpurpose.eu\/cat\/wp-json\/wp\/v2\/media?parent=518"}],"curies":[{"name":"wp","href":"https:\/\/api.w.org\/{rel}","templated":true}]}}